{"id":38,"date":"2026-03-13T09:43:46","date_gmt":"2026-03-13T09:43:46","guid":{"rendered":"https:\/\/flamenexpert.com\/webshop\/produs\/invertor-solar-5kw\/"},"modified":"2026-03-26T11:17:22","modified_gmt":"2026-03-26T11:17:22","slug":"invertor-solar-5kw","status":"publish","type":"product","link":"https:\/\/flamenexpert.com\/webshop\/magazin\/invertoare\/invertor-solar-5kw\/","title":{"rendered":"Invertor Solar 5kW"},"content":{"rendered":"<p>Invertor solar de 5kW, compatibil cu majoritatea panourilor fotovoltaice. Asigur\u0103 conversia eficient\u0103 a energiei solare \u00een energie electric\u0103.<\/p>\n","protected":false},"excerpt":{"rendered":"<p>Invertor Solar 5kW<\/p>\n","protected":false},"featured_media":0,"comment_status":"open","ping_status":"closed","template":"","meta":{"_monsterinsights_skip_tracking":false,"_monsterinsights_sitenote_active":false,"_monsterinsights_sitenote_note":"","_monsterinsights_sitenote_category":0,"postBodyCss":"","postBodyMargin":[],"postBodyPadding":[],"postBodyBackground":{"backgroundType":"classic","gradient":""}},"product_brand":[],"product_cat":[25],"product_tag":[],"class_list":{"0":"post-38","1":"product","2":"type-product","3":"status-publish","5":"product_cat-invertoare","6":"product_shipping_class-pachet-greu","8":"first","9":"instock","10":"shipping-taxable","11":"purchasable","12":"product-type-simple"},"aioseo_notices":[],"_links":{"self":[{"href":"https:\/\/flamenexpert.com\/webshop\/wp-json\/wp\/v2\/product\/38","targetHints":{"allow":["GET"]}}],"collection":[{"href":"https:\/\/flamenexpert.com\/webshop\/wp-json\/wp\/v2\/product"}],"about":[{"href":"https:\/\/flamenexpert.com\/webshop\/wp-json\/wp\/v2\/types\/product"}],"replies":[{"embeddable":true,"href":"https:\/\/flamenexpert.com\/webshop\/wp-json\/wp\/v2\/comments?post=38"}],"version-history":[{"count":0,"href":"https:\/\/flamenexpert.com\/webshop\/wp-json\/wp\/v2\/product\/38\/revisions"}],"wp:attachment":[{"href":"https:\/\/flamenexpert.com\/webshop\/wp-json\/wp\/v2\/media?parent=38"}],"wp:term":[{"taxonomy":"product_brand","embeddable":true,"href":"https:\/\/flamenexpert.com\/webshop\/wp-json\/wp\/v2\/product_brand?post=38"},{"taxonomy":"product_cat","embeddable":true,"href":"https:\/\/flamenexpert.com\/webshop\/wp-json\/wp\/v2\/product_cat?post=38"},{"taxonomy":"product_tag","embeddable":true,"href":"https:\/\/flamenexpert.com\/webshop\/wp-json\/wp\/v2\/product_tag?post=38"}],"curies":[{"name":"wp","href":"https:\/\/api.w.org\/{rel}","templated":true}]}}