{"id":46,"date":"2026-03-13T09:43:47","date_gmt":"2026-03-13T09:43:47","guid":{"rendered":"https:\/\/flamenexpert.com\/webshop\/produs\/lumina-led-stradala-100w\/"},"modified":"2026-03-26T11:17:23","modified_gmt":"2026-03-26T11:17:23","slug":"lumina-led-stradala-100w","status":"publish","type":"product","link":"https:\/\/flamenexpert.com\/webshop\/magazin\/iluminat\/lumina-led-stradala-100w\/","title":{"rendered":"Lumin\u0103 LED Stradal\u0103 100W"},"content":{"rendered":"<p>Lumin\u0103 LED stradal\u0103 de 100W, cu un design robust \u0219i eficien\u021b\u0103 energetic\u0103. Potrivit\u0103 pentru iluminatul public.<\/p>\n","protected":false},"excerpt":{"rendered":"<p>Lumin\u0103 LED Stradal\u0103 100W<\/p>\n","protected":false},"featured_media":0,"comment_status":"open","ping_status":"closed","template":"","meta":{"_monsterinsights_skip_tracking":false,"_monsterinsights_sitenote_active":false,"_monsterinsights_sitenote_note":"","_monsterinsights_sitenote_category":0,"postBodyCss":"","postBodyMargin":[],"postBodyPadding":[],"postBodyBackground":{"backgroundType":"classic","gradient":""}},"product_brand":[],"product_cat":[23],"product_tag":[],"class_list":{"0":"post-46","1":"product","2":"type-product","3":"status-publish","5":"product_cat-iluminat","6":"product_shipping_class-pachet-greu","8":"first","9":"outofstock","10":"shipping-taxable","11":"purchasable","12":"product-type-simple"},"aioseo_notices":[],"_links":{"self":[{"href":"https:\/\/flamenexpert.com\/webshop\/wp-json\/wp\/v2\/product\/46","targetHints":{"allow":["GET"]}}],"collection":[{"href":"https:\/\/flamenexpert.com\/webshop\/wp-json\/wp\/v2\/product"}],"about":[{"href":"https:\/\/flamenexpert.com\/webshop\/wp-json\/wp\/v2\/types\/product"}],"replies":[{"embeddable":true,"href":"https:\/\/flamenexpert.com\/webshop\/wp-json\/wp\/v2\/comments?post=46"}],"version-history":[{"count":0,"href":"https:\/\/flamenexpert.com\/webshop\/wp-json\/wp\/v2\/product\/46\/revisions"}],"wp:attachment":[{"href":"https:\/\/flamenexpert.com\/webshop\/wp-json\/wp\/v2\/media?parent=46"}],"wp:term":[{"taxonomy":"product_brand","embeddable":true,"href":"https:\/\/flamenexpert.com\/webshop\/wp-json\/wp\/v2\/product_brand?post=46"},{"taxonomy":"product_cat","embeddable":true,"href":"https:\/\/flamenexpert.com\/webshop\/wp-json\/wp\/v2\/product_cat?post=46"},{"taxonomy":"product_tag","embeddable":true,"href":"https:\/\/flamenexpert.com\/webshop\/wp-json\/wp\/v2\/product_tag?post=46"}],"curies":[{"name":"wp","href":"https:\/\/api.w.org\/{rel}","templated":true}]}}